2).
6
Let v(d) = -18*d - 2. Calculate v(3).
-56
Let q(m) = -m**3 + 16*m**2 + 17*m - 25. Determine q(17).
-25
Let c(k) = 40*k + 255. Give c(-6).
15
Let r(d) = -4*d - 3. Calculate r(0).
-3
Let g(v) = -8*v + 257. Give g(31).
9
Let l(f) = f**3 + 4*f**2 + f - 4. What is l(-6)?
-82
Let o(a) = a**3 + 5*a**2 - 13*a - 14. Determine o(-7).
-21
Let j(s) = 5*s - 7. Calculate j(10).
43
Let j(f) = 2*f**2 + 10*f + 2. Calculate j(-5).
2
Let m(z) = -z + 6. Calculate m(8).
-2
Let n(q) = -4*q**3 - 2*q**2 + 1. Determine n(-1).
3
Let m(b) = -b**2 - 5*b + 7. Calculate m(-6).
1
Let h(u) = u**2 + 11*u + 22. What is h(-6)?
-8
Let g(p) = -3*p + 50. Determine g(6).
32
Let t(c) = c**3 - 7*c**2 - c + 4. Give t(7).
-3
Let k(i) = -i**3 + 5*i**2 + 4*i - 35. Calculate k(4).
-3
Let j(u) = u**3 + 7*u**2 + 4*u + 5. Give j(-7).
-23
Let w(l) = -l**2 - l + 24. What is w(0)?
24
Let f(c) = -2*c**2 - 27*c + 14. Give f(-14).
0
Let v(c) = -6*c**3 + c**2 - c. Determine v(-2).
54
Let i(j) = j**3 - 8*j + 15. Give i(2).
7
Let x(u) = 33*u - 1. Give x(-1).
-34
Let l(a) = 4*a + 78. Determine l(-19).
2
Let r(m) = -m**2 + 3*m + 5. Determine r(6).
-13
Let v(g) = g**3 + 11*g**2 + 21*g + 11. Calculate v(-8).
35
Let a(h) = 2*h + 14. Calculate a(11).
36
Let c(k) = -k**3 - k**2 + 1. Determine c(0).
1
Let d(l) = 8*l**2 - l - 3. Determine d(4).
121
Let t(b) = b**2 - 12*b - 8. Give t(9).
-35
Let s(d) = d**3 + 11*d**2 - 13*d - 9. Determine s(-12).
3
Let p(a) = -a**3 - 8*a**2 - 3*a + 18. Give p(-8).
42
Let a(q) = q**3 - 14*q**2 + 16*q - 34. Calculate a(13).
5
Let f(i) = -i**3 + 11*i**2 - 11*i + 7. What is f(9)?
70
Let o(g) = -10*g + 8. Give o(-9).
98
Let k(a) = 7*a**2 + 47*a - 11. Give k(-7).
3
Let s(n) = 8*n - 99. Give s(10).
-19
Let r(s) = s + 34. Calculate r(0).
34
Let b(u) = -u**3 - 17*u**2 + 15*u + 18. Determine b(-18).
72
Let d(p) = p**2 + 11*p - 44. Determine d(-15).
16
Let a(v) = 7*v - 34. What is a(3)?
-13
Let c(v) = -15*v**2 - 74*v + 5. Determine c(-5).
0
Let s(o) = -o + 17. Determine s(-17).
34
Let o(u) = -u**3 + 10*u**2 - 8*u + 6. What is o(9)?
15
Let t(n) = -4*n**2 + 5*n - 4. What is t(3)?
-25
Let r(g) = 4*g**3 - 2*g**2 - 4*g - 8. Calculate r(-3).
-122
Let z(t) = -t**2 + 8*t + 3. Give z(6).
15
Let v(x) = -2*x**2 + 3*x - 44. Give v(0).
-44
Let z(q) = 6*q**3 + 4*q**2 + 2*q - 5. Calculate z(-2).
-41
Let b(i) = -3*i**2 + 9*i + 2. Give b(3).
2
Let t(h) = h**2 - 10*h + 34. Calculate t(8).
18
Let h(o) = -4*o - 16. Calculate h(-4).
0
Let h(r) = 8*r**3 - 3*r**2 - 3*r - 1. Calculate h(-1).
-9
Let z(o) = -19*o**3 + o**2 + 2*o. Determine z(-1).
18
Let a(o) = o**3 + 5*o**2 + 2*o - 4. Determine a(0).
-4
Let q(h) = -15*h + 3. Calculate q(2).
-27
Let j(l) = -16*l - 2. Determine j(2).
-34
Let a(o) = -2*o**3 - 15*o**2 - 6. Calculate a(-7).
-55
Let u(y) = y**2 - 11*y - 15. Calculate u(13).
11
Let g(t) = -t**2 + 3*t + 3. Give g(3).
3
Let w(x) = x**2 + 27*x - 24. Determine w(-28).
4
Let w(o) = 2*o**2 - 8*o + 4. Determine w(4).
4
Let c(d) = -2*d + 10. Give c(5).
0
Let m(j) = 3*j + 7. Give m(-4).
-5
Let v(i) = -i + 6. Give v(5).
1
Let s(d) = -d**3 - 16*d**2 + 37*d + 345. Give s(-17).
5
Let r(q) = q**2 - 77*q + 1214. What is r(55)?
4
Let m(h) = -h**2 + h - 64. Give m(0).
-64
Let q(z) = 5*z - 7. Give q(3).
8
Let f(k) = -k**3 - 4*k**2 + 22*k + 8. Determine f(-6).
-52
Let b(q) = 4*q - 25. Give b(-6).
-49
Let l(w) = -w**2 - 13*w - 9. Determine l(-6).
33
Let b(m) = -3*m**2 + 6*m - 10. Calculate b(4).
-34
Let y(c) = c**2 - 6*c. Determine y(7).
7
Let g(n) = -12*n**3. Calculate g(-1).
12
Let x(h) = -h**2 - 7*h - 7. Determine x(-7).
-7
Let x(q) = 61*q**3 - q**2 + 2*q - 1. Give x(1).
61
Let p(h) = h**3 + 11*h - 2. Give p(0).
-2
Let l(o) = -o - 7. Give l(7).
-14
Let l(j) = j**3 - 6*j**2 - 2*j + 38. Determine l(7).
73
Let p(l) = -202*l + 1621. Determine p(8).
5
Let f(r) = r**3 + 14*r**2 + 8*r + 149. Calculate f(-14).
37
Let q(d) = -d**2 + 5*d - 1. Calculate q(6).
-7
Let k(j) = j**2 + j - 7. What is k(-4)?
5
Let f(h) = 3*h - 66. Calculate f(21).
-3
Let d(l) = l**3 - 13*l**2 - l + 12. Determine d(13).
-1
Let t(p) = -2*p**3 - 11*p**2 - 10*p - 10. Calculate t(-5).
15
Let c(q) = -q**3 + 23*q**2 - 22*q - 21. What is c(22)?
-21
Let c(y) = 2*y - 1. Determine c(-1).
-3
Let n(y) = y**3 - 7*y**2 + 8*y + 2. What is n(6)?
14
Let i(z) = 2*z + 1. Calculate i(-3).
-5
Let j(t) = -5*t + 9. Determine j(-7).
44
Let w(k) = -8*k - 75. What is w(-6)?
-27
Let p(t) = -t**3 + 7*t**2 + 11*t - 27. Give p(8).
-3
Let r(d) = -d - 12. Determine r(-12).
0
Let s(u) = 2*u**2 - 5*u + 5. Give s(2).
3
Let w(i) = 4*i + 5. Give w(9).
41
Let k(y) = -2*y**2 - 35*y - 98. Calculate k(-14).
0
Let b(u) = -6*u**2 + u - 1. What is b(-3)?
-58
Let t(k) = -5*k + 4. What is t(6)?
-26
Let r(g) = g**3 - 2*g**2 + g + 1. What is r(3)?
13
Let u(s) = 3*s**2 - 21*s + 14. What is u(6)?
-4
Let c(o) = -o**3 - 18*o**2 - 19*o - 42. Give c(-17).
-8
Let r(n) = -8*n + 1. What is r(-1)?
9
Let h(u) = u**2 + 6*u + 15. What is h(-6)?
15
Let a(b) = 2*b**2 - 131*b + 66. What is a(65)?
1
Let y(n) = -2*n**2 + 7*n - 4. Determine y(3).
-1
Let h(p) = -2*p**2 - 25*p + 17. Give h(-13).
4
Let y(k) = -3*k**2 + 2*k + 2. Determine y(-1).
-3
Let v(u) = u**2 - 5*u - 28. What is v(9)?
8
Let i(j) = -j**3 + 5*j**2 - 12*j + 7. Calculate i(3).
-11
Let b(o) = o**3 - 6*o**2 + 15. Calculate b(5).
-10
Let g(b) = b**3 + 33*b**2 + 64*b + 53. Determine g(-31).
-9
Let n(b) = -b**2 + 10*b - 14. Give n(10).
-14
Let d(i) = 2*i - 11. Determine d(12).
13
Let r(b) = 4*b - 15. Calculate r(6).
9
Let h(r) = -r**2 - 9*r - 24. Determine h(-8).
-16
Let h(s) = -s**3 + 14*s**2 - 2*s + 21. Give h(14).
-7
Let a(m) = 8*m - 1. Determine a(-1).
-9
Let s(t) = -2*t**3 - 4*t**2 + 6*t - 8. Determine s(-4).
32
Let w(r) = -2*r**2 + 23*r + 16. What is w(12)?
4
Let x(n) = 3*n - 12. Calculate x(9).
15
Let s(t) = -t**2 - 3*t - 4. What is s(-3)?
-4
Let p(m) = -m**2 - 11*m - 10. Calculate p(-4).
18
Let x(v) = v**3 - 12*v**2 + 10*v + 9. Calculate x(11).
-2
Let r(k) = -k**3 - 12*k**2 - 6*k - 66. Determine r(-12).
6
Let y(b) = 3*b + 10. Determine y(5).
25
Let d(b) = -5*b**2 + 47*b + 3. Give d(9).
21
Let s(k) = k**2 + 21*k + 31. What is s(-21)?
31
Let s(z) = -z**3 - 5*z**2 - 2*z - 3. Give s(-6).
45
Let p(n) = -74*n - 276. What is p(-4)?
20
Let l(k) = 2*k**2 + 20*k - 23. Determine l(-12).
25
Let d(s) = s**3 - 11*s**2 - 13*s + 18. What is d(12)?
6
Let b(w) = 50*w - 152. Calculate b(3).
-2
Let t(r) = -2*r - 33. What is t(-11)?
-11
Let i(a) = -a**3 - 11*a**2 + 25*a + 3. Determine i(-13).
16
Let c(m) = m**2 + m + 5. Calculate c(4).
25
Let r(p) = p**2 + p - 11. What is r(-5)?
9
Let m(l) = 8*l. Determine m(-7).
-56
Let f(b) = b**3 - 20*b**2 - 22*b + 22. Calculate f(21).
1
Let n(i) = i**2 + 11*i - 1. Give n(-12).
11
Let d(r) = -r**2 - 19*r - 24. Determine d(-17).
10
Let h(v) = -v**2 - 8*v + 13. Give h(-11).
-20
Let l(k) = 3*k + 10. Give l(-5).
-5
Let z(p) = -p**2 - 25*p - 71. Give z(-22).
-5
Let p(x) = -x**3 - x**2 - x - 27. Determine p(0).
-27
Let o(i) = -8*i**2 + 2*i + 3. Give o(-2).
-33
Let p(u) = -2*u**2 + 14*u - 8. What is p(5)?
12
Let v(t) = -3*t + 12. Calculate v(0).
12
Let q(g) = -16*g + 980. Give q(61).
4
Let r(i) = -2*i**3 - i**2 + 1. What is r(2)?
-19
Let y(q) = -47*q - 3. Calculate y(1).
-50
Let o(u) = -2*u**3 - 7*u**2 - 4*u - 12. Determine o(-5).
83
Let k(q) = -2*q**3 - 8*q**2 - 2*q + 15. Determine k(-5).
75
Let q(x) = x**3 + 8*x**2 + 3*x. What is q(-3)?
36
Let n(z) = -4*z**3 + 5*z**2 - 4*z - 1. Give n(2).
-21
Let b(a) = -a - 13. Determine b(8).
-21
Let y(k) = 5*k**2 - 3. Determine y(-2).
17
Let u(l) = -5*l + 41. Calculate u(15).
-34
Let a(i) = -i**3 + 5*i**2 - i + 3. Give a(0).
3
Let y(l) = -l**2 + 24. Determine y(6).
-12
Let v(z) = -z**2 + 6*z - 8. What is v(6)?
-8
Let j(b) = 5*b - 23. What is j(0)?
-23
Let q(c) = -c**2 + 8*c - 7. Determine q(9).
-16
Let k(c) = c - 21. Give k(10).
-11
Let q(z) = 5*z - 33. Determine q(-15).
-108
Let a(i) = i**2 + 6*i - 4. What is a(-6)?
-4
Let j(k) = -k**3 + 3*k**2 + 24*k + 2. Calculate j(7).
-26
Let a(w) = w**3 + 24*w**2 - 25*w + 5. Give a(-25).
5
Let d(x) = x**3 - 11*x**2 - 9*x - 4. Determine d(12).
32
Let b(a) = a**3 + 6*a**2 - 4*a - 38. Give b(-7).
-59
Let v(c) = c**2 - 2*c - 20. Calculate v(-4).
4
Let h(g) = g**3 - 7*g**2 - 11*g - 6. What is h(9)?
57
Let z(o) = -9*o - 3. Determine z(2).
-21
Let q(u) = u**3 + 7*